{"id":334,"date":"2024-12-27T11:37:06","date_gmt":"2024-12-27T10:37:06","guid":{"rendered":"https:\/\/www.bruederle-design.de\/?page_id=334"},"modified":"2024-12-29T09:58:47","modified_gmt":"2024-12-29T08:58:47","slug":"weinregal-blech","status":"publish","type":"page","link":"https:\/\/www.bruederle-design.de\/index.php\/weinregal-blech\/","title":{"rendered":"weinregal blech"},"content":{"rendered":"\n<div style=\"height:123px\" aria-hidden=\"true\" class=\"wp-block-spacer\"><\/div>\n\n\n\n<div class=\"wp-block-columns alignwide is-layout-flex wp-container-core-columns-is-layout-d0b3c9c8 wp-block-columns-is-layout-flex\">\n<div class=\"wp-block-column is-layout-flow wp-block-column-is-layout-flow\" style=\"--col-width:60%;flex-basis:60%\">\n<figure class=\"wp-block-image alignright size-full\"><img loading=\"lazy\" decoding=\"async\" width=\"550\" height=\"350\" src=\"https:\/\/www.bruederle-design.de\/wp-content\/uploads\/2024\/12\/blech_003.png\" alt=\"\" class=\"wp-image-336\" style=\"object-fit:cover\"\/><\/figure>\n<\/div>\n\n\n\n<div class=\"wp-block-column is-vertically-aligned-bottom is-layout-flow wp-block-column-is-layout-flow\" style=\"--col-width:30%;padding-top:0;padding-bottom:var(--wp--preset--spacing--10);flex-basis:30%\">\n<h2 class=\"wp-block-heading has-text-align-left has-heading-font-family has-large-font-size\">Flaschenregal<\/h2>\n\n\n\n<p class=\"has-text-align-left has-heading-font-family has-medium-font-size\">Ein Regal f\u00fcr das Aufbewaren von Flaschen, z.B. Weinflaschen, im k\u00fcchennahen Bereich.<\/p>\n<\/div>\n\n\n\n<div style=\"--col-width:;\" class=\"wp-block-column is-vertically-aligned-center is-layout-flow wp-block-column-is-layout-flow\"><\/div>\n<\/div>\n\n\n\n<div class=\"wp-block-columns alignwide is-layout-flex wp-container-core-columns-is-layout-d0b3c9c8 wp-block-columns-is-layout-flex\">\n<div class=\"wp-block-column is-layout-flow wp-block-column-is-layout-flow\" style=\"--col-width:60%;flex-basis:60%\">\n<figure class=\"wp-block-image alignright size-full\"><img loading=\"lazy\" decoding=\"async\" width=\"550\" height=\"350\" src=\"https:\/\/www.bruederle-design.de\/wp-content\/uploads\/2024\/12\/doppel_blech_002a.png\" alt=\"\" class=\"wp-image-338\" style=\"object-fit:cover\"\/><\/figure>\n<\/div>\n\n\n\n<div class=\"wp-block-column is-vertically-aligned-bottom is-layout-flow wp-block-column-is-layout-flow\" style=\"--col-width:30%;padding-top:0;padding-bottom:var(--wp--preset--spacing--10);flex-basis:30%\"><\/div>\n\n\n\n<div style=\"--col-width:;\" class=\"wp-block-column is-vertically-aligned-center is-layout-flow wp-block-column-is-layout-flow\"><\/div>\n<\/div>\n\n\n\n<div style=\"height:59px\" aria-hidden=\"true\" class=\"wp-block-spacer\"><\/div>\n\n\n\n<div class=\"wp-block-columns alignwide is-layout-flex wp-container-core-columns-is-layout-d0b3c9c8 wp-block-columns-is-layout-flex\">\n<div class=\"wp-block-column is-vertically-aligned-bottom is-layout-flow wp-block-column-is-layout-flow\" style=\"--col-width:20%;flex-basis:20%\"><\/div>\n\n\n\n<div class=\"wp-block-column is-vertically-aligned-top is-layout-flow wp-block-column-is-layout-flow\" style=\"--col-width:30%;padding-top:var(--wp--preset--spacing--10);padding-bottom:var(--wp--preset--spacing--10);flex-basis:30%\">\n<p class=\"has-text-align-right has-heading-font-family\"><strong>Konstruktion<\/strong><br>Ein gelasertes, gebogenes Blech nimmt Edelstahlr\u00f6hrchen auf.<br> Diese dienen als Ablage f\u00fcr die Flaschen.<br>Die Rohre werden lediglich in das U-Profil eingeklemmt.<\/p>\n<\/div>\n\n\n\n<div class=\"wp-block-column is-vertically-aligned-bottom is-layout-flow wp-block-column-is-layout-flow\" style=\"--col-width:38%;flex-basis:38%\">\n<figure class=\"wp-block-image size-full is-resized\" style=\"margin-top:0;margin-right:0;margin-bottom:0;margin-left:0\"><img loading=\"lazy\" decoding=\"async\" width=\"1712\" height=\"2288\" src=\"https:\/\/www.bruederle-design.de\/wp-content\/uploads\/2024\/12\/seitenansicht_weinregal.jpg\" alt=\"\" class=\"wp-image-344\" style=\"aspect-ratio:1;object-fit:cover;width:423px;height:auto\"\/><\/figure>\n<\/div>\n<\/div>\n\n\n\n<div style=\"height:59px\" aria-hidden=\"true\" class=\"wp-block-spacer\"><\/div>\n\n\n\n<div class=\"wp-block-columns alignwide is-layout-flex wp-container-core-columns-is-layout-d0b3c9c8 wp-block-columns-is-layout-flex\">\n<div class=\"wp-block-column is-layout-flow wp-block-column-is-layout-flow\" style=\"--col-width:50%;flex-basis:50%\">\n<figure class=\"wp-block-image alignright size-full\"><img loading=\"lazy\" decoding=\"async\" width=\"1417\" height=\"740\" src=\"https:\/\/www.bruederle-design.de\/wp-content\/uploads\/2024\/12\/verbauhilfe.jpg\" alt=\"\" class=\"wp-image-346\" style=\"object-fit:cover\"\/><\/figure>\n<\/div>\n\n\n\n<div class=\"wp-block-column is-vertically-aligned-bottom is-layout-flow wp-block-column-is-layout-flow\" style=\"--col-width:30%;padding-top:0;padding-bottom:var(--wp--preset--spacing--10);flex-basis:30%\">\n<p class=\"has-text-align-left has-heading-font-family has-medium-font-size\"><strong>Montagehilfe<\/strong><br>Eine Vorrichtung spreizt das U-Profil,<br>eine weitere Vorrichtung vereinfacht das einf\u00e4deln der R\u00f6hren.<br><\/p>\n<\/div>\n\n\n\n<div style=\"--col-width:;\" class=\"wp-block-column is-vertically-aligned-center is-layout-flow wp-block-column-is-layout-flow\"><\/div>\n<\/div>\n\n\n\n<div style=\"height:137px\" aria-hidden=\"true\" class=\"wp-block-spacer\"><\/div>\n","protected":false},"excerpt":{"rendered":"<p>Flaschenregal Ein Regal f\u00fcr das Aufbewaren von Flaschen, z.B. Weinflaschen, im k\u00fcchennahen Bereich. KonstruktionEin gelasertes, gebogenes Blech nimmt Edelstahlr\u00f6hrchen auf. Diese dienen als Ablage f\u00fcr die Flaschen.Die Rohre werden lediglich in das U-Profil eingeklemmt. MontagehilfeEine Vorrichtung spreizt das U-Profil,eine weitere Vorrichtung vereinfacht das einf\u00e4deln der R\u00f6hren.<\/p>\n","protected":false},"author":1,"featured_media":0,"parent":0,"menu_order":0,"comment_status":"closed","ping_status":"closed","template":"page-no-title","meta":{"footnotes":""},"class_list":["post-334","page","type-page","status-publish","hentry"],"_links":{"self":[{"href":"https:\/\/www.bruederle-design.de\/index.php\/wp-json\/wp\/v2\/pages\/334","targetHints":{"allow":["GET"]}}],"collection":[{"href":"https:\/\/www.bruederle-design.de\/index.php\/wp-json\/wp\/v2\/pages"}],"about":[{"href":"https:\/\/www.bruederle-design.de\/index.php\/wp-json\/wp\/v2\/types\/page"}],"author":[{"embeddable":true,"href":"https:\/\/www.bruederle-design.de\/index.php\/wp-json\/wp\/v2\/users\/1"}],"replies":[{"embeddable":true,"href":"https:\/\/www.bruederle-design.de\/index.php\/wp-json\/wp\/v2\/comments?post=334"}],"version-history":[{"count":16,"href":"https:\/\/www.bruederle-design.de\/index.php\/wp-json\/wp\/v2\/pages\/334\/revisions"}],"predecessor-version":[{"id":784,"href":"https:\/\/www.bruederle-design.de\/index.php\/wp-json\/wp\/v2\/pages\/334\/revisions\/784"}],"wp:attachment":[{"href":"https:\/\/www.bruederle-design.de\/index.php\/wp-json\/wp\/v2\/media?parent=334"}],"curies":[{"name":"wp","href":"https:\/\/api.w.org\/{rel}","templated":true}]}}